k, 5*s = 8*s - k - g. Calculate the remainder when 26 is divided by s.
6
Suppose 3*x + x - 34 = -2*c, 0 = -5*c - 5*x + 105. Suppose 4*w - 11 = c. Suppose -w*r + 2010 = r. Calculate the remainder when r is divided by 34.
31
Suppose 192 = 3*l - 318. Suppose l = -5*z + 15*z. Calculate the remainder when 43 is divided by z.
9
Let j(t) = t**2 + 8*t - 61. Let i be j(4). What is the remainder when ((2015/(-20))/i)/(1/8) is divided by 44?
18
Let r = -1139 + 1203. Suppose 7*b + b = 96. Calculate the remainder when r is divided by b.
4
Let f = 10139 - 10125. What is the remainder when 137 is divided by f?
11
Suppose 45*i = 21*i + 69528. What is the remainder when i is divided by 362?
1
Let c(u) = u**2 - 15*u + 29. What is the remainder when c(17) is divided by 26?
11
Let k = 511 + -502. Let n(l) = l**2 - 7*l + 7. What is the remainder when 149 is divided by n(k)?
24
Suppose -c = 4*c - 160. What is the remainder when ((-61680)/75)/(-8) - (-18)/15 is divided by c?
8
Suppose 4*o - 3*o + 5*f = 177, 2*o = -4*f + 366. Suppose -o = -4*p - 19. Calculate the remainder when p is divided by 4.
2
Suppose -2*x + 5*c = 7*c + 122, -5*x + c - 335 = 0. Let w = x - -144. Calculate the remainder when w is divided by 10.
8
Let g(t) = -t**2 - 20*t - 25. Let l(b) = -168*b + 3850. Calculate the remainder when l(22) is divided by g(-17).
24
Suppose 0 = 77*d - 78*d - 4*w + 138, -414 = -3*d - 2*w. What is the remainder when d is divided by 63?
12
Suppose -5*w - 12 = -4*w. Let g = w + 16. What is the remainder when ((-9)/6)/(477/212) + 208/6 is divided by g?
2
Let j(s) = 28*s + 3. Let d be j(9). Suppose 43 = p + 164. Let b = p + d. What is the remainder when b is divided by 34?
32
Suppose -4*i + 3 + 1 = -4*d, -7 = i + d. Suppose 4*j = 2*t - 240, t - 5*t + 469 = 3*j. Let r = t + i. Calculate the remainder when r is divided by 29.
28
Suppose -4*f = -104 - 48. Let t = 49079 - 49058. Calculate the remainder when f is divided by t.
17
Let u = 900 + -869. Suppose -3*r = j - 2*j - 49, -2*r + u = -j. Calculate the remainder when 35 is divided by r.
17
Let m(f) = -11*f**2 - 162*f - 25. Calculate the remainder when m(-11) is divided by 63.
48
Let m(j) = 5*j + 98. Let x be m(-18). Suppose -p + x = -3*p, -2*c + p = -86. What is the remainder when 146 is divided by c?
23
Let d(q) = 27*q - 602. Calculate the remainder when 810 is divided by d(23).
12
What is the remainder when 2475 is divided by (-6)/(-159) - 2649533/(-5353)?
0
Suppose d + 62 = 2*g, 2 = 31*d - 30*d. What is the remainder when 380 is divided by g?
28
Suppose 0 = 37*x - 4227 - 5652. Let v = x - 256. What is the remainder when 84 is divided by v?
7
Let w be ((-3 - 2 - 13) + -4)/(-2). Suppose 5*m - 134 = w. Suppose -3*b + 5 = -13. Calculate the remainder when m is divided by b.
5
Calculate the remainder when 1525 is divided by (-112 + 7)*(-25)/15.
125
Let j(u) = u**3 + 9*u**2 - 18*u - 31. Let y be 3/(3/5)*134/(-67). Calculate the remainder when j(y) is divided by 2/(6/15*1).
4
Let v = 4597 + 1380. Calculate the remainder when v is divided by 52.
49
What is the remainder when (30/4 - 7)/((-2)/(-32)) is divided by 4?
0
What is the remainder when 13/(-156)*-246*18 is divided by 37?
36
Let w = -23 - -28. Suppose w*d = -d + 636. Let f = d + -63. What is the remainder when f is divided by 12?
7
Let n(o) = o**2 + 13*o + 23. Let l be n(-12). Suppose -4*m - 3*a + 67 = 0, -2*m + 4*a + l = -17. Calculate the remainder when 3 + 35 + (3 - 1) is divided by m.
8
Suppose 0*s + 55 = 5*s. Calculate the remainder when 6/(-51) + (3 - (-27760)/136) is divided by s.
9
Suppose 4*l = c + 6, 3*l - 2*c - 11 = 2*c. Suppose -26*y + 31 - 5 = 0. Calculate the remainder when l is divided by y.
0
Calculate the remainder when (-69255)/(-486) - 3/(-2) is divided by 55.
34
Let o be ((-77)/(-14) + -5)*(17 + -1). Suppose 0 = o*a + 49 - 617. What is the remainder when 139 is divided by a?
68
Let q = 12 - -19. Let c = q - 69. Let y = 110 - c. What is the remainder when y is divided by 30?
28
Suppose -784*h + 5107 = -20820 - 35225. Let j = -455 + 763. Calculate the remainder when j is divided by h.
74
Let w be -1*1 + (-19)/(95/(-45)). Let n = 42 - w. Calculate the remainder when 66 is divided by n.
32
Suppose 159 + 4221 = 20*l. Suppose 26*v = 22*v + 100. Suppose -4*f + 4 + 73 = 3*k, -3*k = -2*f + v. What is the remainder when l is divided by f?
15
Suppose -5*b = 2*h + 856, -2*h + 245 = -3*b - 275. Suppose 3*x - v - 59 = v, 5 = -5*v. Calculate the remainder when (b/6)/(4/(-18)) is divided by x.
15
Let v = -10261 + 10700. Calculate the remainder when v is divided by 226.
213
Let s(u) = 10*u**2 + 15*u + 28. Let m(h) = -3*h**2 - 5*h - 9. Let n(t) = -7*m(t) - 2*s(t). Calculate the remainder when n(-6) is divided by 10.
3
What is the remainder when 8/(((-1)/(-57))/(60/90)) is divided by 33?
7
Let f(b) = -8*b**3 + 3*b - 1. Let v = 28 + -55. Let y = 25 + v. Calculate the remainder when f(y) is divided by 20.
17
Let k = -148756 - -148783. Suppose 4*l - w - 102 = 0, 0 = 4*l - 4*w + 59 - 167. What is the remainder when k is divided by l?
2
Suppose -5*w = -x - 2035, -76*x + 79*x = -2*w + 831. Calculate the remainder when w is divided by 19.
9
Suppose -5*p - p - 12 = 0. Suppose 10*y - 8*y = 52. Calculate the remainder when -4 + p/(4/(-106)) is divided by y.
23
Let u be (4/8 - -1)*48/9. What is the remainder when 48 is divided by (184/(-40) + u)/(2/10)?
14
Let w = -34074 - -59163. What is the remainder when w is divided by 246?
243
Let a = -1230 - -1320. Let x be 4/(-6) + (-143)/(-3). Let n = a - x. What is the remainder when n is divided by 11?
10
Calculate the remainder when 251 is divided by (-2)/(-3) - (32/(-72) - 1668/54).
27
Suppose 16 = 2*k + 8. Suppose 0 = 5*t + 5, 0 = 4*g - 66*t + 70*t - 72. Calculate the remainder when g is divided by k.
3
Let i(t) = 2*t**3 + 66*t**2 - 219*t - 83. What is the remainder when 839 is divided by i(-36)?
14
Let o = -4 + 35. Suppose -1277*p + 1247*p = -1770. What is the remainder when p is divided by o?
28
Suppose -2*h + 114 = -24. Suppose -5*o = y - 64, 64*y - 192 = 51*y - o. What is the remainder when h is divided by y?
13
Let w(t) = t**3 - 4*t**2 - 20*t + 74. What is the remainder when w(7) is divided by 34?
13
Suppose -4*b + 2*b = -2280. Let j be b/(-40)*4/(-3). Suppose -12 = -3*y + v + j, -2*y + 35 = -v. What is the remainder when 29 is divided by y?
14
Let j(q) = -q**2 + 7*q + 5040. What is the remainder when 521 is divided by j(74)?
29
Suppose 273*u - 206472 = 215859. Calculate the remainder when u is divided by 86.
85
Calculate the remainder when 8573279/533 - (-62)/1271 is divided by 14.
13
Let f(h) be the first derivative of -1/2*h**2 + 2*h + 19. What is the remainder when f(-20) is divided by 5?
2
Suppose 3*h + 3*s - 387 = 0, -4*h + 8*h + s - 504 = 0. What is the remainder when (48/(-9))/(h/(-120) + 1) is divided by 65?
63
Suppose l = 17 - 6. Suppose 0 = 5*x - 3*i - 20, -5*i = -4*x - 2*i + 16. Suppose x*f - 211 + l = 0. Calculate the remainder when 144 is divided by f.
44
Let z = -27 + -22. Let a = z - -68. Suppose 19*j - 10*j - 405 = 0. Calculate the remainder when j is divided by a.
7
Suppose 3*n + 2*c = 2 - 38, 3*c = -9. Let h be (8/(-10))/(1/n*4). Suppose -33 + 235 = h*a. What is the remainder when a is divided by 26?
23
Let a(q) = -136*q + 821. Let i = 56 + -31. Let j = -13 + i. What is the remainder when j is divided by a(6)?
2
Suppose 5*y = 3*b - 47 + 1, -2*b - 2*y = -4. Let h be ((-4)/6)/(1/(-33)). Suppose -6*q + 170 = -h. What is the remainder when q is divided by b?
4
Suppose 0 = 11*j + 3499 - 10847. What is the remainder when j is divided by 12?
8
Suppose 208 + 82 = 10*h - 180. Let q = -11 + 24. Calculate the remainder when h is divided by q.
8
Suppose 0 = -2*p + 7 - 1. Suppose 10 + 35 = p*z. Suppose -262*m = -264*m + 264. What is the remainder when m is divided by z?
12
Let o = 24 + 32. Let j = -52 + o. Suppose w - 18 = -2*h, 4*w - j*h + 6 = 30. Calculate the remainder when 58 is divided by w.
8
Calculate the remainder when 1553 is divided by 11 - -2 - (-2 - (8 - 6)).
6
Let m be (-5 - (5 + -4 - 7))*11. Suppose 400 - 389 = m*a. Calculate the remainder when 1 is divided by a.
0
Let w(p) = -239*p + 743. Let z = -66 - -141. Calculate the remainder when z is divided by w(3).
23
Suppose 146*i + 944 = 151*i + 3*l, -5*i = -4*l